re the prime factors of j(-3)?
5
Let v(p) = p + 2. Let r be v(-7). Let f = 5 + r. Suppose f = -4*g, 3*b + g = 2*g + 39. What are the prime factors of b?
13
Suppose -3*v + i = -0*v - 866, 0 = -v - 3*i + 302. What are the prime factors of v?
2, 5, 29
Suppose -5*c + f + 97 = -66, 0 = -2*c + 3*f + 60. What are the prime factors of c?
3, 11
Let s(d) = 48*d**3 + 1. What are the prime factors of s(1)?
7
Let c(j) = -j**3 + 10*j**2 - 11*j + 9. List the prime factors of c(6).
3, 29
Suppose 2*h - 24 = -0*h. Suppose 5*u - 4*n = n + 65, -3*n = -h. List the prime factors of u.
17
Suppose -5*a + q + 54 = -q, 0 = -a - 3*q + 21. What are the prime factors of ((-15)/(-20))/(1/a)?
3
Let a = -4 + 9. Let z = a + 2. What are the prime factors of z?
7
Suppose -16*y + 18*y - 74 = 0. What are the prime factors of y?
37
Let h be (-218)/(6/(-3)*1). Let l = h + -77. List the prime factors of l.
2
Let i = -8 + 11. Suppose -h = 2*w + i*h - 46, 0 = -3*w + 2*h + 61. What are the prime factors of 6/w - 94/(-14)?
7
Let g = 109 + -64. What are the prime factors of g?
3, 5
Let u be 456/10 - 8/(-20). Suppose -4*n - 5*z = -u, -n + 2 = -3*z - 1. List the prime factors of n.
3
Let m(j) = -13*j - 5. What are the prime factors of m(-2)?
3, 7
Suppose 3*p = 6*p + 6. Let m = p - -15. List the prime factors of m.
13
Let u(j) = j**3 + 12*j**2 + 10*j - 9. Let d be u(-11). Suppose -3*z + 3 = -d*z. List the prime factors of z.
3
Let d(l) = 5*l - 5 + 6 + 2*l**2 - 3*l**2. What are the prime factors of d(3)?
7
Let l(o) = -o - 1. Suppose -6 = 3*j - 4*q + 2, 0 = 3*j + q + 28. What are the prime factors of l(j)?
7
Suppose 5*y - y = 28. Let m be y - -1 - 4/(-2). Suppose -2*f = 2*c - m, -f + 10 = 3*c + 3*f. List the prime factors of c.
2, 5
Suppose 5*j = -4 - 6, 3*j = 3*a - 195. What are the prime factors of a?
3, 7
Let q = 9 - 15. Let n be (2 + 7)/(6/(-8)). Let d = q - n. What are the prime factors of d?
2, 3
Let l(t) = -2*t**2 + 5*t - 2. Let y(c) = -c**2 + 4*c - 2. Let a(f) = -2*l(f) + 3*y(f). List the prime factors of a(2).
2, 3
Let h(k) = 2*k**2 - 9*k - 6. Let d be (-4 + 11)*(2 + -1). What are the prime factors of h(d)?
29
Suppose 161 = 5*d - 319. List the prime factors of d.
2, 3
List the prime factors of ((2 - 1) + 5)/((-30)/(-375)).
3, 5
Let d = -5 + 59. List the prime factors of d.
2, 3
Let w(o) = 8*o + 24. List the prime factors of w(3).
2, 3
Suppose 3*g = -0*g - 18. What are the prime factors of 4/g*(-39)/2?
13
Suppose 5*u - 21 = 4. Let g(p) = 11*p - 4. What are the prime factors of g(u)?
3, 17
Let h(b) = b**2 + 1. Let q be h(-1). Let p(k) = k. List the prime factors of p(q).
2
What are the prime factors of (0 + 171 - -2)/1?
173
Let p be (-1 + -19)*(-1)/2. Suppose o + 0 = 5*i - 8, 0 = 4*i + o - p. What are the prime factors of i?
2
Let a = -88 - -165. Suppose 23 = 5*l - a. What are the prime factors of l?
2, 5
Let r(x) = -8*x - 3. Suppose -f = 3 - 0. What are the prime factors of r(f)?
3, 7
Suppose 18 = h + 2*q, 0 = -h + 2*q - 0*q + 2. Suppose 4*m = 2 + h. What are the prime factors of m?
3
Suppose 200 = 5*j + 5*a - a, -4*j - 4*a = -156. What are the prime factors of j?
2, 11
Suppose 177 - 2328 = -9*k. List the prime factors of k.
239
Suppose 4*d - 7 = 5. Suppose 0 = -2*s + 3*n + 21, -5*s + 63 = -0*s + d*n. List the prime factors of s.
2, 3
Let w(h) = 3*h**2 - 5*h + 4. List the prime factors of w(3).
2
Let w = 30 + 1. What are the prime factors of w?
31
Let u be 8/10 - (-3)/15. Let q be (-1 + 13)*(-2)/u. Let p = 34 + q. What are the prime factors of p?
2, 5
Let h(b) be the third derivative of 0 - 1/30*b**5 - 1/120*b**6 + 2*b**2 + 0*b**4 + 1/2*b**3 + 0*b. List the prime factors of h(-3).
2, 3
Let m be 1 + (-3 - -2 - -2). Suppose -m*l = -30 - 38. List the prime factors of l.
2, 17
Suppose -4*q - 2 - 6 = 0. Let s(u) be the first derivative of -u**4/4 - u**2 - 3*u - 2. List the prime factors of s(q).
3
Let o = -2 - -7. Suppose -5*h - q = -68, o*q + 24 = -0*h + h. Suppose -c - 12 = -v, -v - 3*c + h + 18 = 0. List the prime factors of v.
17
Suppose 3*m = 4*i + 9 - 35, 5*m - 2 = i. Let z = i - 1. What are the prime factors of z?
7
Suppose -3*h + 29 + 10 = 0. What are the prime factors of h?
13
Let p be 1/3 - (-128)/12. Let y = -6 + p. What are the prime factors of y?
5
Suppose -8*k + 490 = -6*k. What are the prime factors of k/9 - (-2)/(-9)?
3
Suppose 73 = 4*n - 5*s - 43, -5*n + s = -145. What are the prime factors of n?
29
Let j(v) = -v**3 + 2*v**2 + v - 1. Let s be j(1). Let g be -3 + s + 1 + 28. Suppose -r - 2*r = -g. What are the prime factors of r?
3
Let m be (1 + 0)/(-1)*-2. Suppose 0 = 4*j - 2*q - m, -5*j = -0*q - 4*q - 4. Suppose j = -h + 5. List the prime factors of h.
5
Let m(v) be the third derivative of 2*v**2 + 1/3*v**3 + 0 + 0*v + 1/60*v**5 + 1/12*v**4. What are the prime factors of m(-2)?
2
Let h = 120 - 60. List the prime factors of h.
2, 3, 5
Let f = -5 - -6. Suppose -d - 4 = -f. List the prime factors of 6*d/(-12)*6.
3
Let p(v) be the second derivative of v**4/6 + 5*v**3/6 + v**2/2 + 2*v. List the prime factors of p(-4).
13
Let v(d) = 8*d - 9. What are the prime factors of v(9)?
3, 7
Suppose 4*s - 2*i + 2 = 2*s, -i = -5*s + 3. Let z(p) = 3*p + 1. Let g(w) = -6*w - 2. Let n(k) = 2*g(k) + 5*z(k). What are the prime factors of n(s)?
2
Suppose 5*p = 3*p + 10. Let h(x) = x**3 - 4*x**2 + 2*x - 1. List the prime factors of h(p).
2, 17
Let w be -3 + 0 + 10 + -2. Suppose -l = -w*l - 44. Let g = -4 - l. What are the prime factors of g?
7
Let p(i) be the second derivative of 2*i**3/3 - 5*i**2/2 - i. Let k = 6 - 2. What are the prime factors of p(k)?
11
Suppose 15*t - 10*t - 175 = 0. What are the prime factors of t?
5, 7
Let w(f) = f**3 + 6*f**2 + 4*f - 1. Let j be w(-5). Suppose j*k + 3 = 35. List the prime factors of k.
2
Suppose -5*z + p + 90 - 20 = 0, 0 = -5*z + 5*p + 50. What are the prime factors of z?
3, 5
Suppose 212 = 5*r - 88. What are the prime factors of r?
2, 3, 5
Let r(c) = -4*c**2 + 3*c**2 + c + 0*c**2 - 1. Let j be r(4). List the prime factors of j/(-3) + 2/3.
5
Let f = -12 - -8. Let x = 4 + f. Suppose x = -p + 1 + 18. What are the prime factors of p?
19
Suppose -5*n + 205 = 5*x, n = -3*n + 4. Suppose 0 = -4*g + x - 16. List the prime factors of g.
2, 3
Suppose 9 + 3 = 2*y - 3*i, 4*i + 32 = 4*y. What are the prime factors of y?
2, 3
Let z = -23 + 41. Suppose 0 = 2*n - 4*q + 2*q + 24, 4*n = 3*q - 49. Let h = n + z. What are the prime factors of h?
5
Let t = 9 - 15. Suppose -s = -5*d + 4, s + 3*d - 44 = -s. Let f = s + t. List the prime factors of f.
2, 5
What are the prime factors of 0 + -32*2/(-4)?
2
Suppose 0 = 5*l - 23 - 167. Suppose 0 = -3*b - q - 0*q + l, -q + 26 = 2*b. What are the prime factors of b?
2, 3
Suppose 5*t = 5*r - 15, -r + 3*t - 4*t = -3. Let k(j) = -j**3 + 5*j**2 - 3*j - 3. What are the prime factors of k(r)?
2, 3
Suppose 4*i - 4*h = 48, 2*i = 7*i + h - 42. What are the prime factors of 4/(-6) - (-69)/i?
7
Let x(k) = 10*k - 14. Let c be x(-10). Let j be 12/(-42) + c/(-7). Suppose -2*u + 6*u = j. What are the prime factors of u?
2
Suppose -8 = -5*n + 412. List the prime factors of n.
2, 3, 7
Suppose 16 = q - 3*g, -4*q - g = 5 - 17. Suppose 10 = 3*l + q. List the prime factors of 1/l*4*3.
2, 3
Let g(d) = -d**3 + 5*d**2 + 6*d + 2. Let r be g(5). Suppose r = 3*l - 55. What are the prime factors of l?
29
Suppose 3*c - 2 = 7. Suppose 0*l = l + 5, -5*j = l - 70. Suppose 3*g - 3*m - j - c = 0, m + 38 = 5*g. List the prime factors of g.
2
Let l = 29 - 31. Let m = -34 + 21. What are the prime factors of ((-3)/(-1) - m) + l?
2, 7
Suppose 2*l - 20 = -4*m, -3*m = l - 0*l - 15. Suppose -w = 2*n - 21, 3*w = m*n - n + 13. What are the prime factors of w?
11
Let b = 98 + -74. List the prime factors of b.
2, 3
Suppose 5*r = 5 + 5. Suppose -4 = -3*t + r. Suppose s - 9 = -t. List the prime factors of s.
7
Let b(k) = 2*k**2 - 18*k - 9. List the prime factors of b(11).
5, 7
Suppose 2*z + 13 = -s + 4*s, -z = 5*s + 13. Let k = -4 - z. Suppose -2 = 3*d - k*d + 5*r, 10 = 5*d + 4*r. List the prime factors of d.
2
Suppose 0 = -8*d + 4*d + 24. What are the prime factors of d?
2, 3
Let r(s) = -s**2 + 6*s - 6. Let m be r(4). Suppose -2*w + 0*v - m*v + 56 = 0, 4*w = 3*v + 98. List the prime factors of w.
2, 13
Let j be 0 + -1 + 2/1. Suppose -3*q - j = -19. What are the prime factors o